t are the prime factors of 41131439?
47, 89, 9833
List the prime factors of 3293160584.
2, 7, 58806439
What are the prime factors of 1088859504?
2, 3, 22684573
What are the prime factors of 286522544?
2, 7, 11, 232567
What are the prime factors of 115026867?
3, 12780763
What are the prime factors of 13245597?
3, 349, 4217
What are the prime factors of 113421012?
2, 3, 9451751
List the prime factors of 240194083.
23, 10443221
What are the prime factors of 1321110878?
2, 660555439
List the prime factors of 27257685.
3, 5, 7, 13, 19, 1051
List the prime factors of 46184070.
2, 3, 5, 17, 137, 661
What are the prime factors of 435070302?
2, 3, 43, 1686319
List the prime factors of 12325736.
2, 37, 41641
What are the prime factors of 38179760?
2, 5, 149, 3203
List the prime factors of 327044382.
2, 3, 7, 131, 59441
List the prime factors of 90863499.
3, 3547, 8539
List the prime factors of 403399502.
2, 11, 18336341
What are the prime factors of 1387756692?
2, 3, 7, 1835657
List the prime factors of 595933597.
7, 85133371
List the prime factors of 49243388.
2, 12310847
What are the prime factors of 23935913?
53, 451621
List the prime factors of 739576040.
2, 5, 7, 23, 41, 2801
What are the prime factors of 67433718?
2, 3, 11, 43, 23761
List the prime factors of 1891355403.
3, 7, 53, 1699331
List the prime factors of 374110202.
2, 187055101
What are the prime factors of 73746793?
73746793
What are the prime factors of 228141825?
3, 5, 311, 9781
List the prime factors of 29296557.
3, 47, 69259
List the prime factors of 24031328.
2, 503, 1493
What are the prime factors of 98389595?
5, 19677919
List the prime factors of 5773014.
2, 3, 13, 24671
What are the prime factors of 4391017526?
2, 7, 313644109
List the prime factors of 78258326.
2, 2087, 18749
List the prime factors of 6804950556.
2, 3, 567079213
List the prime factors of 3263820882.
2, 3, 7, 59, 1317119
What are the prime factors of 372735081?
3, 17, 727, 1117
What are the prime factors of 28630258?
2, 14315129
List the prime factors of 950552701.
7, 103, 151, 8731
List the prime factors of 1060971541.
7, 167, 907589
List the prime factors of 4712769.
3, 23, 7589
List the prime factors of 692524182.
2, 3, 7, 53, 59, 5273
List the prime factors of 901476276.
2, 3, 75123023
What are the prime factors of 1371007925?
5, 7, 17, 460843
What are the prime factors of 87337285?
5, 7, 2495351
List the prime factors of 46752346.
2, 17, 137, 10037
What are the prime factors of 40192109?
23, 1747483
What are the prime factors of 1418158400?
2, 5, 886349
What are the prime factors of 29704213?
7, 11, 41, 97
What are the prime factors of 5671947944?
2, 13, 19, 631, 4549
List the prime factors of 21060560.
2, 5, 263257
What are the prime factors of 271132936?
2, 33891617
List the prime factors of 459602915.
5, 67, 1371949
What are the prime factors of 127717304?
2, 11, 13, 111641
List the prime factors of 2963488.
2, 11, 8419
What are the prime factors of 256443468?
2, 3, 23, 47, 53, 373
List the prime factors of 11292152.
2, 1411519
List the prime factors of 120415548.
2, 3, 11, 912239
List the prime factors of 3096970569.
3, 7, 11, 19, 33601
List the prime factors of 59764611.
3, 307, 64891
List the prime factors of 43525552.
2, 7, 388621
What are the prime factors of 192872549?
23, 8385763
What are the prime factors of 1790435651?
1790435651
List the prime factors of 2468066591.
11933, 206827
What are the prime factors of 252860236?
2, 5711, 11069
List the prime factors of 94050452.
2, 23512613
List the prime factors of 2195639109.
3, 53, 613, 2503
List the prime factors of 836395370.
2, 5, 2423, 34519
List the prime factors of 5464624233.
3, 179, 10176209
List the prime factors of 156317812.
2, 7, 1559, 3581
List the prime factors of 207977998.
2, 1217, 85447
List the prime factors of 3154130517.
3, 1051376839
What are the prime factors of 1854606258?
2, 3, 103, 701, 1427
List the prime factors of 822085910.
2, 5, 29, 239, 409
List the prime factors of 108363568.
2, 6772723
List the prime factors of 45511967.
45511967
List the prime factors of 2425721348.
2, 1019, 595123
List the prime factors of 1347464943.
3, 11, 1109, 4091
What are the prime factors of 182833280?
2, 5, 7, 37, 1103
What are the prime factors of 6842583?
3, 11, 23039
List the prime factors of 484471809.
3, 53830201
What are the prime factors of 2140793945?
5, 347, 1233887
List the prime factors of 1568414145.
3, 5, 139, 281, 2677
What are the prime factors of 456595591?
907, 503413
What are the prime factors of 21498394?
2, 10749197
What are the prime factors of 992527447?
14081, 70487
List the prime factors of 126991621.
126991621
List the prime factors of 55173952.
2, 811, 1063
What are the prime factors of 3026895330?
2, 3, 5, 163, 618997
What are the prime factors of 71926432?
2, 1297, 1733
List the prime factors of 109151753.
61, 1789373
List the prime factors of 11253944.
2, 13, 108211
What are the prime factors of 3527595009?
3, 6779, 19273
List the prime factors of 675536719.
11, 13, 499, 9467
What are the prime factors of 153978505?
5, 79, 389819
List the prime factors of 764667846.
2, 3, 73, 359, 1621
List the prime factors of 347137029.
3, 383, 33569
What are the prime factors of 22652180?
2, 5, 19, 59611
What are the prime factors of 438750762?
2, 3, 73125127
What are the prime factors of 104895920?
2, 5, 43, 30493
What are the prime factors of 4358226963?
3, 1452742321
List the prime factors of 2681031705.
3, 5, 11, 677, 24001
List the prime factors of 67512340.
2, 5, 7, 482231
List the prime factors of 31306491.
3, 281, 12379
What are the prime factors of 171679100?
2, 5, 1716791
List the prime factors of 79104498.
2, 3, 11, 23, 31, 41
What are the prime factors of 6100047645?
3, 5, 406669843
What are the prime factors of 222408348?
2, 3, 17, 211, 5167
What are the prime factors of 30057414?
2, 3, 31, 161599
List the prime factors of 970983624.
2, 3, 13, 3112127
What are the prime factors of 789671431?
4723, 167197
List the prime factors of 349881389.
11, 13, 109, 22447
List the prime factors of 1511960776.
2, 79, 2392343
List the prime factors of 711958536.
2, 3, 9888313
What are the prime factors of 229726500?
2, 3, 5, 153151
List the prime factors of 1035493074.
2, 3, 7, 11, 23, 2953
What are the prime factors of 154055855?
5, 347, 88793
What are the prime factors of 4042524191?
41, 47, 2097833
List the prime factors of 3618565028.
2, 13, 69587789
List the prime factors of 61828117.
13, 23, 206783
What are the prime factors of 668318578?
2, 19, 925649
What are the prime factors of 17500622?
2, 743, 11777
What are the prime factors of 117943959?
3, 7, 5616379
What are the prime factors of 21391830?
2, 3, 5, 79229
What are the prime factors of 2511029469?
3, 13, 64385371
List the prime factors of 6498232822.
2, 12149, 267439
What are the prime factors of 66563867?
66563867
List the prime factors of 22043649.
3, 43, 170881
What are the prime factors of 100873152?
2, 3, 73, 2399
List the prime factors of 7332785867.
11, 6287, 106031
List the prime factors of 111216991.
111216991
List the prime factors of 14023868.
2, 137, 157, 163
What are the prime factors of 630230685?
3, 5, 7, 53, 269, 421
What are the prime factors of 1002752936?
2, 337, 371941
List the prime factors of 3398155809.
3, 41, 137, 421, 479
List the prime factors of 4926715861.
139, 35443999
List the prime factors of 155547567.
3, 7, 823003
What are the prime factors of 2511355710?
2, 3, 5, 53, 1579469
List the prime factors of 37295471.
1429, 26099
What are the prime factors of 1522709969?
11, 138428179
What are the prime factors of 4680957?
3, 61, 25579
What are the prime factors of 772043550?
2, 3, 5, 5146957
List the prime factors of 21814185.
3, 5, 19, 76541
List the prime factors of 2543187335.
5, 13, 17, 19, 29, 4177
What are the prime factors of 5506593343?
5506593343
What are the prime factors of 11445449?
11445449
What are the prime factors of 1261305096?
2, 3, 23, 73, 113, 277
List the prime factors of 1270779052.
2, 19, 59, 283403
What are the prime factors of 55232814?
2, 3, 7, 13, 101159
List the prime factors of 5580949790.
2, 5, 13, 43, 998381
What are the prime factors of 1318781967?
3, 439593989
List the prime factors of 5726048911.
11, 